{"id":5900,"date":"2025-01-21T18:30:00","date_gmt":"2025-01-21T15:30:00","guid":{"rendered":"https:\/\/andreibarseanu.ro\/?page_id=5900"},"modified":"2025-01-23T11:43:03","modified_gmt":"2025-01-23T08:43:03","slug":"o-experienta-de-cunoastere-inedita-director-adj-prof-negru-carmen","status":"publish","type":"page","link":"https:\/\/andreibarseanu.ro\/hu\/erasmus\/o-experienta-de-cunoastere-inedita-director-adj-prof-negru-carmen\/","title":{"rendered":"Egyed\u00fcl\u00e1ll\u00f3 tanul\u00e1si \u00e9lm\u00e9ny \u2013 Negru Carmen igazgat\u00f3helyettes"},"content":{"rendered":"<div class=\"fusion-fullwidth fullwidth-box fusion-builder-row-1 fusion-flex-container has-pattern-background has-mask-background nonhundred-percent-fullwidth non-hundred-percent-height-scrolling fusion-animated\" style=\"--awb-background-position:left top;--awb-background-blend-mode:screen;--awb-border-sizes-top:0px;--awb-border-sizes-bottom:0px;--awb-border-sizes-left:0px;--awb-border-sizes-right:0px;--awb-border-color:var(--awb-color3);--awb-border-radius-top-left:0px;--awb-border-radius-top-right:0px;--awb-border-radius-bottom-right:0px;--awb-border-radius-bottom-left:0px;--awb-padding-top:200px;--awb-padding-right:0px;--awb-padding-bottom:10px;--awb-padding-left:0px;--awb-padding-top-medium:0px;--awb-padding-bottom-medium:0px;--awb-padding-top-small:30px;--awb-margin-top:-120px;--awb-margin-bottom:20px;--awb-margin-top-medium:-80px;--awb-margin-bottom-medium:80px;--awb-margin-top-small:-60px;--awb-margin-bottom-small:0px;--awb-background-color:var(--awb-color1);--awb-flex-wrap:wrap;\" data-animationType=\"fadeInUp\" data-animationDuration=\"1.3\" data-animationOffset=\"top-into-view\" ><div class=\"fusion-builder-row fusion-row fusion-flex-align-items-stretch fusion-flex-justify-content-center fusion-flex-content-wrap\" style=\"max-width:calc( 1320px + 0px );margin-left: calc(-0px \/ 2 );margin-right: calc(-0px \/ 2 );\"><div class=\"fusion-layout-column fusion_builder_column fusion-builder-column-0 fusion_builder_column_1_1 1_1 fusion-flex-column\" style=\"--awb-padding-right-small:30px;--awb-padding-left-small:30px;--awb-bg-size:cover;--awb-width-large:100%;--awb-margin-top-large:60px;--awb-spacing-right-large:0px;--awb-margin-bottom-large:0px;--awb-spacing-left-large:0px;--awb-width-medium:100%;--awb-order-medium:0;--awb-spacing-right-medium:0px;--awb-spacing-left-medium:0px;--awb-width-small:100%;--awb-order-small:0;--awb-spacing-right-small:0px;--awb-spacing-left-small:0px;\" data-scroll-devices=\"small-visibility,medium-visibility,large-visibility\"><div class=\"fusion-column-wrapper fusion-column-has-shadow fusion-flex-justify-content-flex-start fusion-content-layout-column\"><div class=\"fusion-text fusion-text-1\" style=\"--awb-content-alignment:center;--awb-font-size:22px;--awb-text-color:var(--awb-color5);\"><p>O experien\u0163\u0103 de cunoa\u015ftere inedit\u0103 &#8211; director adj. prof. Negru Carmen<\/p>\n<\/div><\/div><\/div><div class=\"fusion-layout-column fusion_builder_column fusion-builder-column-1 fusion_builder_column_1_1 1_1 fusion-flex-column fusion-animated\" style=\"--awb-padding-top:30px;--awb-padding-right:30px;--awb-padding-left:30px;--awb-padding-top-small:0px;--awb-padding-right-small:30px;--awb-padding-bottom-small:0px;--awb-padding-left-small:30px;--awb-bg-color:var(--awb-color1);--awb-bg-color-hover:var(--awb-color1);--awb-bg-size:cover;--awb-width-large:100%;--awb-margin-top-large:0px;--awb-spacing-right-large:calc( 0.022 * calc( 100% - 0 ) );--awb-margin-bottom-large:0px;--awb-spacing-left-large:0px;--awb-width-medium:100%;--awb-order-medium:0;--awb-spacing-right-medium:calc( 0.022 * calc( 100% - 0 ) );--awb-spacing-left-medium:0px;--awb-width-small:100%;--awb-order-small:1;--awb-spacing-right-small:0px;--awb-spacing-left-small:0px;\" data-animationType=\"fadeInUp\" data-animationDuration=\"1.3\" data-animationOffset=\"top-into-view\" data-scroll-devices=\"small-visibility,medium-visibility,large-visibility\"><div class=\"fusion-column-wrapper fusion-column-has-shadow fusion-flex-justify-content-flex-start fusion-content-layout-column\"><div class=\"fusion-text fusion-text-2 sm-text-align-left\"><p><span style=\"font-weight: 400;\">\u00cen perioada 11-15.07.2024 am avut oportunitatea de a participa, \u00een calitate de director adjunct al Liceului Teoretic \u201eAndrei B\u00e2rseanu\u201d din T\u00e2rn\u0103veni, la cursul de formare \u201eStop bullying. Start inclusion! \u2013 prevention and intervention\u201d \/ \u201eOpri\u021bi agresiunea. \u00cencepe\u021bi incluziunea! \u2013 preven\u021bie \u0219i interven\u021bie\u201d,\u00a0 desf\u0103\u0219urat la Malaga, provincie spaniol\u0103 din Andaluzia, situat\u0103 \u00een sudul Peninsulei Iberice.<\/span><\/p>\n<p><span style=\"font-weight: 400;\">Activit\u0103\u021bile au fost g\u0103zduite de organiza\u021bia Edu2Grow, fiind integrate \u00een programul Erasmus+KA122 Educa\u021bie \u0218colar\u0103 al Liceului Teoretic \u201eAndrei B\u00e2rseanu\u201d, cu titlul \u201eSub semnul lui \u00eempreun\u0103: g\u00e2ndim, ne motiv\u0103m \u0219i \u00eemp\u0103rt\u0103\u0219im\u201d, nr. 2023-1-RO01-KA122-SCH-00127251.<\/span><\/p>\n<p><span style=\"font-weight: 400;\">Scopul principal al activit\u0103\u021bilor desf\u0103\u0219urare \u00een cadrul programului Erasmus+:\u00a0 a crea \u00eencredere, a motiva \u0219i a \u00eemputernici cadrele didactice a fost atins cu succes.<\/span><\/p>\n<p><span style=\"font-weight: 400;\">Pe parcursul celor 5 zile dedicate dezvolt\u0103rii profesionale, s-au desf\u0103\u0219urat activit\u0103\u021bi care au vizat aplicarea coaching-ului ca metodologie \u00een diverse cadre formale \u0219i nonformale. Metodele \u0219i strategiile promovate \u00een cadrul activit\u0103\u021bilor organizate de formatorii no\u0219tri ne-au oferit prilejul de a ne cunoa\u0219te coechipierii \u0219i pe ceilal\u021bi cursan\u021bi, facilit\u00e2nd astfel interac\u021biunea \u0219i schimbul intercultural.<\/span><\/p>\n<p><span style=\"font-weight: 400;\">Prin activit\u0103\u021bi tip dezbatere, dar \u0219i prin jocuri didactice \u0219i activit\u0103\u021bi desf\u0103\u0219urate \u00een echipe, cu sarcini de lucru clar precizate, s-a creat ambientul potrivit pentru realizarea transferului de cuno\u0219tin\u021be \u0219i opinii, urm\u0103rindu-se, \u00een special, interac\u021biunea \u00eentre formele de educa\u021bie, dezvoltarea g\u00e2ndirii critice, rezolvarea problemelor, luarea deciziilor , gestionarea constructiv\u0103 a sentimentelor \u0219i a emo\u021biilor. \u00cen plus, s-a acordat aten\u021bie sporit\u0103 ideii de multiculturalitate \u0219i de diversitate, aspecte care au contribuit la consolidarea spiritului de solidaritate \u0219i a empatiei, at\u00e2t \u00een cadrul echipelor constituite, c\u00e2t \u0219i la nivelul \u00eentregului grup.<\/span><\/p>\n<p><span style=\"font-weight: 400;\">Diversitatea experien\u021belor tr\u0103ite a fost posibil\u0103, \u00een special, gra\u021bie profesionalismului formatorilor no\u0219tri: Ana, Antonio \u0219i Ani, oameni calmi, calzi \u0219i aten\u021bi la nevoile noastre, care, prin atitudinea lor pozitiv\u0103, ne-au ajutat s\u0103 dep\u0103\u0219im bariera lingvistic\u0103 \u0219i s\u0103 ne exprim\u0103m opiniile \u0219i sentimentele legate de subiectele abordate.<\/span><\/p>\n<p><span style=\"font-weight: 400;\">Sunt mul\u021bumit\u0103 pentru faptul c\u0103 am tr\u0103it experien\u021be de cunoa\u0219tere interesante, care m-au ajutat s\u0103 m\u0103 dezvolt la nivel profesional, dar \u0219i \u00eenc\u00e2ntat\u0103 c\u0103 am reu\u0219it s\u0103 simt adev\u0103rata emo\u021bie a turistului care descoper\u0103 cu uimire frumuse\u021bile locului. Tot ceea ce am vizitat \u00een Malaga \u0219i \u00een \u00eemprejurimi mi s-a p\u0103rut fascinant, \u00eens\u0103 memoria mea a stocat ca momente unice, de neuitat, Gibraltarul, muzeul Picasso \u0219i casa memorial\u0103 Picasso.<\/span><\/p>\n<p><span style=\"font-weight: 400;\">A\u0219adar, la Malaga am tr\u0103it experien\u021be frumoase, care m-au \u00eembog\u0103\u021bit at\u00e2t profesional, c\u00e2t \u0219i personal \u0219i pe care le \u00eemp\u0103rt\u0103\u0219esc cu bucurie, av\u00e2nd convingerea clar\u0103 c\u0103 eforturile depuse de echipa noastr\u0103 \u00een elaborarea proiectului \u0219i-au g\u0103sit r\u0103splata binemeritat\u0103.<\/span><\/p>\n<p><em><span style=\"font-weight: 400;\">Director Adjunct prof.\u00a0 Negru Carmen<\/span><\/em><\/p>\n<\/div><\/div><\/div><div class=\"fusion-layout-column fusion_builder_column fusion-builder-column-2 fusion_builder_column_1_1 1_1 fusion-flex-column fusion-animated\" style=\"--awb-padding-top:30px;--awb-padding-right:30px;--awb-padding-left:30px;--awb-padding-top-small:0px;--awb-padding-right-small:30px;--awb-padding-bottom-small:0px;--awb-padding-left-small:30px;--awb-bg-color:var(--awb-color1);--awb-bg-color-hover:var(--awb-color1);--awb-bg-size:cover;--awb-width-large:100%;--awb-margin-top-large:0px;--awb-spacing-right-large:calc( 0.022 * calc( 100% - 0 ) );--awb-margin-bottom-large:60px;--awb-spacing-left-large:0px;--awb-width-medium:100%;--awb-order-medium:0;--awb-spacing-right-medium:calc( 0.022 * calc( 100% - 0 ) );--awb-spacing-left-medium:0px;--awb-width-small:100%;--awb-order-small:1;--awb-spacing-right-small:0px;--awb-spacing-left-small:0px;\" data-animationType=\"fadeInUp\" data-animationDuration=\"1.3\" data-animationOffset=\"top-into-view\" data-scroll-devices=\"small-visibility,medium-visibility,large-visibility\"><div class=\"fusion-column-wrapper fusion-column-has-shadow fusion-flex-justify-content-flex-start fusion-content-layout-column\"><div class=\"awb-gallery-wrapper awb-gallery-wrapper-1 button-span-no\" style=\"--more-btn-alignment:center;\"><div style=\"margin:-5px;--awb-aspect-ratio:1 \/ 1;--awb-bordersize:0px;\" class=\"fusion-gallery fusion-gallery-container fusion-grid-3 fusion-columns-total-5 fusion-gallery-layout-grid fusion-gallery-1 has-aspect-ratio\"><div style=\"padding:5px;\" class=\"fusion-grid-column fusion-gallery-column fusion-gallery-column-3 hover-type-none\"><div class=\"fusion-gallery-image\"><a href=\"https:\/\/andreibarseanu.ro\/wp-content\/uploads\/2025\/01\/1-3.jpeg\" rel=\"noreferrer\" data-rel=\"iLightbox[gallery_image_1]\" class=\"fusion-lightbox\" target=\"_self\"><img decoding=\"async\" src=\"https:\/\/andreibarseanu.ro\/wp-content\/uploads\/2025\/01\/1-3-460x295.jpeg\" width=\"460\" height=\"295\" alt=\"\" title=\"1\" aria-label=\"1\" class=\"img-responsive wp-image-5901 fusion-gallery-image-size-fixed\"  \/><\/a><\/div><\/div><div style=\"padding:5px;\" class=\"fusion-grid-column fusion-gallery-column fusion-gallery-column-3 hover-type-none\"><div class=\"fusion-gallery-image\"><a href=\"https:\/\/andreibarseanu.ro\/wp-content\/uploads\/2025\/01\/2-3.jpeg\" rel=\"noreferrer\" data-rel=\"iLightbox[gallery_image_1]\" class=\"fusion-lightbox\" target=\"_self\"><img decoding=\"async\" src=\"https:\/\/andreibarseanu.ro\/wp-content\/uploads\/2025\/01\/2-3-460x295.jpeg\" width=\"460\" height=\"295\" alt=\"\" title=\"2\" aria-label=\"2\" class=\"img-responsive wp-image-5902 fusion-gallery-image-size-fixed\"  \/><\/a><\/div><\/div><div style=\"padding:5px;\" class=\"fusion-grid-column fusion-gallery-column fusion-gallery-column-3 hover-type-none\"><div class=\"fusion-gallery-image\"><a href=\"https:\/\/andreibarseanu.ro\/wp-content\/uploads\/2025\/01\/3-3.jpeg\" rel=\"noreferrer\" data-rel=\"iLightbox[gallery_image_1]\" class=\"fusion-lightbox\" target=\"_self\"><img decoding=\"async\" src=\"https:\/\/andreibarseanu.ro\/wp-content\/uploads\/2025\/01\/3-3-460x295.jpeg\" width=\"460\" height=\"295\" alt=\"\" title=\"3\" aria-label=\"3\" class=\"img-responsive wp-image-5903 fusion-gallery-image-size-fixed\"  \/><\/a><\/div><\/div><div class=\"clearfix\"><\/div><div style=\"padding:5px;\" class=\"fusion-grid-column fusion-gallery-column fusion-gallery-column-3 hover-type-none\"><div class=\"fusion-gallery-image\"><a href=\"https:\/\/andreibarseanu.ro\/wp-content\/uploads\/2025\/01\/4-3.jpeg\" rel=\"noreferrer\" data-rel=\"iLightbox[gallery_image_1]\" class=\"fusion-lightbox\" target=\"_self\"><img decoding=\"async\" src=\"https:\/\/andreibarseanu.ro\/wp-content\/uploads\/2025\/01\/4-3-460x295.jpeg\" width=\"460\" height=\"295\" alt=\"\" title=\"4\" aria-label=\"4\" class=\"img-responsive wp-image-5983 fusion-gallery-image-size-fixed\"  \/><\/a><\/div><\/div><div style=\"padding:5px;\" class=\"fusion-grid-column fusion-gallery-column fusion-gallery-column-3 hover-type-none\"><div class=\"fusion-gallery-image\"><a href=\"https:\/\/andreibarseanu.ro\/wp-content\/uploads\/2025\/01\/5-3.jpeg\" rel=\"noreferrer\" data-rel=\"iLightbox[gallery_image_1]\" class=\"fusion-lightbox\" target=\"_self\"><img decoding=\"async\" src=\"https:\/\/andreibarseanu.ro\/wp-content\/uploads\/2025\/01\/5-3-460x295.jpeg\" width=\"460\" height=\"295\" alt=\"\" title=\"5\" aria-label=\"5\" class=\"img-responsive wp-image-5984 fusion-gallery-image-size-fixed\"  \/><\/a><\/div><\/div><\/div><\/div><\/div><\/div><\/div><\/div>\n","protected":false},"excerpt":{"rendered":"","protected":false},"author":1,"featured_media":4157,"parent":5714,"menu_order":0,"comment_status":"closed","ping_status":"closed","template":"100-width.php","meta":{"footnotes":""},"class_list":["post-5900","page","type-page","status-publish","has-post-thumbnail","hentry"],"_links":{"self":[{"href":"https:\/\/andreibarseanu.ro\/hu\/wp-json\/wp\/v2\/pages\/5900","targetHints":{"allow":["GET"]}}],"collection":[{"href":"https:\/\/andreibarseanu.ro\/hu\/wp-json\/wp\/v2\/pages"}],"about":[{"href":"https:\/\/andreibarseanu.ro\/hu\/wp-json\/wp\/v2\/types\/page"}],"author":[{"embeddable":true,"href":"https:\/\/andreibarseanu.ro\/hu\/wp-json\/wp\/v2\/users\/1"}],"replies":[{"embeddable":true,"href":"https:\/\/andreibarseanu.ro\/hu\/wp-json\/wp\/v2\/comments?post=5900"}],"version-history":[{"count":2,"href":"https:\/\/andreibarseanu.ro\/hu\/wp-json\/wp\/v2\/pages\/5900\/revisions"}],"predecessor-version":[{"id":5985,"href":"https:\/\/andreibarseanu.ro\/hu\/wp-json\/wp\/v2\/pages\/5900\/revisions\/5985"}],"up":[{"embeddable":true,"href":"https:\/\/andreibarseanu.ro\/hu\/wp-json\/wp\/v2\/pages\/5714"}],"wp:featuredmedia":[{"embeddable":true,"href":"https:\/\/andreibarseanu.ro\/hu\/wp-json\/"}],"wp:attachment":[{"href":"https:\/\/andreibarseanu.ro\/hu\/wp-json\/wp\/v2\/media?parent=5900"}],"curies":[{"name":"wp","href":"https:\/\/api.w.org\/{rel}","templated":true}]}}

Egyedülálló tanulási élmény – Negru Carmen igazgatóhelyettes

<div class="fusion-fullwidth fullwidth-box fusion-builder-row-1 fusion-flex-container has-pattern-background has-mask-background nonhundred-percent-fullwidth non-hundred-percent-height-scrolling fusion-animated" style="--awb-background-position:left top;--awb-background-blend-mode:screen;--awb-border-sizes-top:0px;--awb-border-sizes-bottom:0px;--awb-border-sizes-left:0px;--awb-border-sizes-right:0px;--awb-border-color:var(--awb-color3);--awb-border-radius-top-left:0px;--awb-border-radius-top-right:0px;--awb-border-radius-bottom-right:0px;--awb-border-radius-bottom-left:0px;--awb-padding-top:200px;--awb-padding-right:0px;--awb-padding-bottom:10px;--awb-padding-left:0px;--awb-padding-top-medium:0px;--awb-padding-bottom-medium:0px;--awb-padding-top-small:30px;--awb-margin-top:-120px;--awb-margin-bottom:20px;--awb-margin-top-medium:-80px;--awb-margin-bottom-medium:80px;--awb-margin-top-small:-60px;--awb-margin-bottom-small:0px;--awb-background-color:var(--awb-color1);--awb-flex-wrap:wrap;" data-animationType="fadeInUp" data-animationDuration="1.3" data-animationOffset="top-into-view" ><div class="fusion-builder-row fusion-row fusion-flex-align-items-stretch fusion-flex-justify-content-center fusion-flex-content-wrap" style="max-width:calc( 1320px + 0px );margin-left: calc(-0px / 2 );margin-right: calc(-0px / 2 );"><div class="fusion-layout-column fusion_builder_column fusion-builder-column-0 fusion_builder_column_1_1 1_1 fusion-flex-column" style="--awb-padding-right-small:30px;--awb-padding-left-small:30px;--awb-bg-size:cover;--awb-width-large:100%;--awb-margin-top-large:60px;--awb-spacing-right-large:0px;--awb-margin-bottom-large:0px;--awb-spacing-left-large:0px;--awb-width-medium:100%;--awb-order-medium:0;--awb-spacing-right-medium:0px;--awb-spacing-left-medium:0px;--awb-width-small:100%;--awb-order-small:0;--awb-spacing-right-small:0px;--awb-spacing-left-small:0px;" data-scroll-devices="small-visibility,medium-visibility,large-visibility"><div class="fusion-column-wrapper fusion-column-has-shadow fusion-flex-justify-content-flex-start fusion-content-layout-column"><div class="fusion-text fusion-text-1" style="--awb-content-alignment:center;--awb-font-size:22px;--awb-text-color:var(--awb-color5);"><p>O experienţă de cunoaştere inedită &#8211; director adj. prof. Negru Carmen</p>
</div></div></div><div class="fusion-layout-column fusion_builder_column fusion-builder-column-1 fusion_builder_column_1_1 1_1 fusion-flex-column fusion-animated" style="--awb-padding-top:30px;--awb-padding-right:30px;--awb-padding-left:30px;--awb-padding-top-small:0px;--awb-padding-right-small:30px;--awb-padding-bottom-small:0px;--awb-padding-left-small:30px;--awb-bg-color:var(--awb-color1);--awb-bg-color-hover:var(--awb-color1);--awb-bg-size:cover;--awb-width-large:100%;--awb-margin-top-large:0px;--awb-spacing-right-large:calc( 0.022 * calc( 100% - 0 ) );--awb-margin-bottom-large:0px;--awb-spacing-left-large:0px;--awb-width-medium:100%;--awb-order-medium:0;--awb-spacing-right-medium:calc( 0.022 * calc( 100% - 0 ) );--awb-spacing-left-medium:0px;--awb-width-small:100%;--awb-order-small:1;--awb-spacing-right-small:0px;--awb-spacing-left-small:0px;" data-animationType="fadeInUp" data-animationDuration="1.3" data-animationOffset="top-into-view" data-scroll-devices="small-visibility,medium-visibility,large-visibility"><div class="fusion-column-wrapper fusion-column-has-shadow fusion-flex-justify-content-flex-start fusion-content-layout-column"><div class="fusion-text fusion-text-2 sm-text-align-left"><p><span style="font-weight: 400;">În perioada 11-15.07.2024 am avut oportunitatea de a participa, în calitate de director adjunct al Liceului Teoretic „Andrei Bârseanu” din Târnăveni, la cursul de formare „Stop bullying. Start inclusion! – prevention and intervention” / „Opriți agresiunea. Începeți incluziunea! – prevenție și intervenție”,  desfășurat la Malaga, provincie spaniolă din Andaluzia, situată în sudul Peninsulei Iberice.</span></p>
<p><span style="font-weight: 400;">Activitățile au fost găzduite de organizația Edu2Grow, fiind integrate în programul Erasmus+KA122 Educație Școlară al Liceului Teoretic „Andrei Bârseanu”, cu titlul „Sub semnul lui împreună: gândim, ne motivăm și împărtășim”, nr. 2023-1-RO01-KA122-SCH-00127251.</span></p>
<p><span style="font-weight: 400;">Scopul principal al activităților desfășurare în cadrul programului Erasmus+:  a crea încredere, a motiva și a împuternici cadrele didactice a fost atins cu succes.</span></p>
<p><span style="font-weight: 400;">Pe parcursul celor 5 zile dedicate dezvoltării profesionale, s-au desfășurat activități care au vizat aplicarea coaching-ului ca metodologie în diverse cadre formale și nonformale. Metodele și strategiile promovate în cadrul activităților organizate de formatorii noștri ne-au oferit prilejul de a ne cunoaște coechipierii și pe ceilalți cursanți, facilitând astfel interacțiunea și schimbul intercultural.</span></p>
<p><span style="font-weight: 400;">Prin activități tip dezbatere, dar și prin jocuri didactice și activități desfășurate în echipe, cu sarcini de lucru clar precizate, s-a creat ambientul potrivit pentru realizarea transferului de cunoștințe și opinii, urmărindu-se, în special, interacțiunea între formele de educație, dezvoltarea gândirii critice, rezolvarea problemelor, luarea deciziilor , gestionarea constructivă a sentimentelor și a emoțiilor. În plus, s-a acordat atenție sporită ideii de multiculturalitate și de diversitate, aspecte care au contribuit la consolidarea spiritului de solidaritate și a empatiei, atât în cadrul echipelor constituite, cât și la nivelul întregului grup.</span></p>
<p><span style="font-weight: 400;">Diversitatea experiențelor trăite a fost posibilă, în special, grație profesionalismului formatorilor noștri: Ana, Antonio și Ani, oameni calmi, calzi și atenți la nevoile noastre, care, prin atitudinea lor pozitivă, ne-au ajutat să depășim bariera lingvistică și să ne exprimăm opiniile și sentimentele legate de subiectele abordate.</span></p>
<p><span style="font-weight: 400;">Sunt mulțumită pentru faptul că am trăit experiențe de cunoaștere interesante, care m-au ajutat să mă dezvolt la nivel profesional, dar și încântată că am reușit să simt adevărata emoție a turistului care descoperă cu uimire frumusețile locului. Tot ceea ce am vizitat în Malaga și în împrejurimi mi s-a părut fascinant, însă memoria mea a stocat ca momente unice, de neuitat, Gibraltarul, muzeul Picasso și casa memorială Picasso.</span></p>
<p><span style="font-weight: 400;">Așadar, la Malaga am trăit experiențe frumoase, care m-au îmbogățit atât profesional, cât și personal și pe care le împărtășesc cu bucurie, având convingerea clară că eforturile depuse de echipa noastră în elaborarea proiectului și-au găsit răsplata binemeritată.</span></p>
<p><em><span style="font-weight: 400;">Director Adjunct prof.  Negru Carmen</span></em></p>
</div></div></div><div class="fusion-layout-column fusion_builder_column fusion-builder-column-2 fusion_builder_column_1_1 1_1 fusion-flex-column fusion-animated" style="--awb-padding-top:30px;--awb-padding-right:30px;--awb-padding-left:30px;--awb-padding-top-small:0px;--awb-padding-right-small:30px;--awb-padding-bottom-small:0px;--awb-padding-left-small:30px;--awb-bg-color:var(--awb-color1);--awb-bg-color-hover:var(--awb-color1);--awb-bg-size:cover;--awb-width-large:100%;--awb-margin-top-large:0px;--awb-spacing-right-large:calc( 0.022 * calc( 100% - 0 ) );--awb-margin-bottom-large:60px;--awb-spacing-left-large:0px;--awb-width-medium:100%;--awb-order-medium:0;--awb-spacing-right-medium:calc( 0.022 * calc( 100% - 0 ) );--awb-spacing-left-medium:0px;--awb-width-small:100%;--awb-order-small:1;--awb-spacing-right-small:0px;--awb-spacing-left-small:0px;" data-animationType="fadeInUp" data-animationDuration="1.3" data-animationOffset="top-into-view" data-scroll-devices="small-visibility,medium-visibility,large-visibility"><div class="fusion-column-wrapper fusion-column-has-shadow fusion-flex-justify-content-flex-start fusion-content-layout-column"><div class="awb-gallery-wrapper awb-gallery-wrapper-1 button-span-no" style="--more-btn-alignment:center;"><div style="margin:-5px;--awb-aspect-ratio:1 / 1;--awb-bordersize:0px;" class="fusion-gallery fusion-gallery-container fusion-grid-3 fusion-columns-total-5 fusion-gallery-layout-grid fusion-gallery-1 has-aspect-ratio"><div style="padding:5px;" class="fusion-grid-column fusion-gallery-column fusion-gallery-column-3 hover-type-none"><div class="fusion-gallery-image"><a href="https://andreibarseanu.ro/wp-content/uploads/2025/01/1-3.jpeg" rel="noreferrer" data-rel="iLightbox[gallery_image_1]" class="fusion-lightbox" target="_self"><img decoding="async" src="https://andreibarseanu.ro/wp-content/uploads/2025/01/1-3-460x295.jpeg" width="460" height="295" alt="" title="1" aria-label="1" class="img-responsive wp-image-5901 fusion-gallery-image-size-fixed"  /></a></div></div><div style="padding:5px;" class="fusion-grid-column fusion-gallery-column fusion-gallery-column-3 hover-type-none"><div class="fusion-gallery-image"><a href="https://andreibarseanu.ro/wp-content/uploads/2025/01/2-3.jpeg" rel="noreferrer" data-rel="iLightbox[gallery_image_1]" class="fusion-lightbox" target="_self"><img decoding="async" src="https://andreibarseanu.ro/wp-content/uploads/2025/01/2-3-460x295.jpeg" width="460" height="295" alt="" title="2" aria-label="2" class="img-responsive wp-image-5902 fusion-gallery-image-size-fixed"  /></a></div></div><div style="padding:5px;" class="fusion-grid-column fusion-gallery-column fusion-gallery-column-3 hover-type-none"><div class="fusion-gallery-image"><a href="https://andreibarseanu.ro/wp-content/uploads/2025/01/3-3.jpeg" rel="noreferrer" data-rel="iLightbox[gallery_image_1]" class="fusion-lightbox" target="_self"><img decoding="async" src="https://andreibarseanu.ro/wp-content/uploads/2025/01/3-3-460x295.jpeg" width="460" height="295" alt="" title="3" aria-label="3" class="img-responsive wp-image-5903 fusion-gallery-image-size-fixed"  /></a></div></div><div class="clearfix"></div><div style="padding:5px;" class="fusion-grid-column fusion-gallery-column fusion-gallery-column-3 hover-type-none"><div class="fusion-gallery-image"><a href="https://andreibarseanu.ro/wp-content/uploads/2025/01/4-3.jpeg" rel="noreferrer" data-rel="iLightbox[gallery_image_1]" class="fusion-lightbox" target="_self"><img decoding="async" src="https://andreibarseanu.ro/wp-content/uploads/2025/01/4-3-460x295.jpeg" width="460" height="295" alt="" title="4" aria-label="4" class="img-responsive wp-image-5983 fusion-gallery-image-size-fixed"  /></a></div></div><div style="padding:5px;" class="fusion-grid-column fusion-gallery-column fusion-gallery-column-3 hover-type-none"><div class="fusion-gallery-image"><a href="https://andreibarseanu.ro/wp-content/uploads/2025/01/5-3.jpeg" rel="noreferrer" data-rel="iLightbox[gallery_image_1]" class="fusion-lightbox" target="_self"><img decoding="async" src="https://andreibarseanu.ro/wp-content/uploads/2025/01/5-3-460x295.jpeg" width="460" height="295" alt="" title="5" aria-label="5" class="img-responsive wp-image-5984 fusion-gallery-image-size-fixed"  /></a></div></div></div></div></div></div></div></div>
